{"id":38,"date":"2025-01-15T13:20:55","date_gmt":"2025-01-15T13:20:55","guid":{"rendered":"https:\/\/www.snapi.fi\/?page_id=38"},"modified":"2025-01-16T07:08:38","modified_gmt":"2025-01-16T07:08:38","slug":"kayttoehdot","status":"publish","type":"page","link":"https:\/\/www.snapi.fi\/?page_id=38","title":{"rendered":"K\u00e4ytt\u00f6ehdot"},"content":{"rendered":"\n<h4 class=\"wp-block-heading\" id=\"block-3fcf3303-83d7-4757-85a3-3b0f0ecc7716\">1. Palveluntarjoajan tiedot<\/h4>\n\n\n\n<p id=\"block-04b03bfb-bcce-49c6-a4cd-13f5065db13f\">Nimi: Tampereen Aluetaksi Oy<br>Osoite: Sammon Valtatie 7, 33530 Tampere, Suomi<\/p>\n\n\n\n<p id=\"block-e2708104-71e6-4f3f-87fe-8c9989779f3d\">Y-tunnus: 0829622-1<br>Puhelin: 010 4765 600<br>S\u00e4hk\u00f6posti: info@taksitampere.fi<\/p>\n\n\n\n<h4 class=\"wp-block-heading\" id=\"block-e2b8cb08-5383-4227-8830-070726d4db8c\">2. M\u00e4\u00e4ritelm\u00e4t<\/h4>\n\n\n\n<p id=\"block-55232fc3-a0a2-4c97-b758-5666c4786270\">\u201dTampereen Aluetaksi Oy\u201d \u2013 Palvelun ja sovelluksen tarjoaja<\/p>\n\n\n\n<p id=\"block-1910f7f1-2e3e-4730-80ba-975ec61d9d06\">\u201dSovellus\u201d \u2013 Tampereen Aluetaksi Oy:n kehitt\u00e4m\u00e4 Sn\u00e4pi -niminen sovellus, jota voi k\u00e4ytt\u00e4\u00e4 internet-sivun kautta tai mobiililaitteella<\/p>\n\n\n\n<p id=\"block-fbb4c266-a81b-4b5f-8742-00a1c9926d3e\">\u201dPalvelu\u201d \u2013 Sn\u00e4pi on palvelu, jolla on mahdollista maksaa ja tilata tavarakuljetus Tampereen Aluetaksi Oy:n yhteisty\u00f6kumppaneilta Suomessa, maksaa tavarakuljetus sek\u00e4 seurata kuljetuksen etenemist\u00e4 kartalla<\/p>\n\n\n\n<p id=\"block-f45ec2fc-ade9-4f8f-b70e-92a769ef5de4\">\u201cYhteisty\u00f6kumppanit\u201d \u2013 Tarkoittaa Suomessa toimivaa taksien tilausv\u00e4litysyhti\u00f6t\u00e4, Tampereen Aluetaksi Oy:n Sovelluksen kautta taksipalveluja tarjoavaa muuta yhti\u00f6t\u00e4 tai muuta Tampereen Aluetaksi Oy:n kanssa Tampereen Aluetaksi Oy:n Sovellusta koskevan yhteisty\u00f6sopimuksen allekirjoittanutta kumppania<\/p>\n\n\n\n<p id=\"block-f7ff1219-3f4a-4e96-92ef-0ebc5c32fee4\">\u201cK\u00e4ytt\u00e4j\u00e4\u201d \u2013 Palvelua k\u00e4ytt\u00e4v\u00e4 luonnollinen henkil\u00f6 tai oikeushenkil\u00f6<\/p>\n\n\n\n<h4 class=\"wp-block-heading\" id=\"block-2bc7422b-e223-45bf-8ba8-37387466b9cf\">3. K\u00e4ytt\u00f6ehdot<\/h4>\n\n\n\n<p id=\"block-d94a1822-aa3d-4542-864b-1f123642ff7f\">K\u00e4ytt\u00e4m\u00e4ll\u00e4 Sovellusta K\u00e4ytt\u00e4j\u00e4 hyv\u00e4ksyy n\u00e4m\u00e4 k\u00e4ytt\u00f6ehdot ja sitoutuu noudattamaan niit\u00e4. K\u00e4ytt\u00e4j\u00e4n tulee lukea n\u00e4m\u00e4 k\u00e4ytt\u00f6ehdot huolellisesti ennen Sovelluksen ja Palvelun k\u00e4ytt\u00f6\u00e4. N\u00e4m\u00e4 k\u00e4ytt\u00f6ehdot koskevat Sovelluksen ja Palvelun k\u00e4ytt\u00f6\u00e4. Sovelluksen ja Palvelun k\u00e4ytt\u00f6 on sallittua vain n\u00e4it\u00e4 k\u00e4ytt\u00f6ehtoja noudattaen. Tampereen Aluetaksi Oy toimii v\u00e4litt\u00e4j\u00e4n roolissa Sovelluksen K\u00e4ytt\u00e4j\u00e4n ja Yhteisty\u00f6kumppaneiden v\u00e4lill\u00e4 tarjoamalla alustan, jolla K\u00e4ytt\u00e4j\u00e4 voi tilata tavarakuljetuksen.<\/p>\n\n\n\n<h4 class=\"wp-block-heading\" id=\"block-077a7b48-0336-4f11-95ad-9e59f6ec847a\">4. K\u00e4ytt\u00e4j\u00e4n rekister\u00f6inti<\/h4>\n\n\n\n<p id=\"block-1b0c79ab-486e-49d3-ab43-d6e25f0b4852\">Sovelluksen ja Palvelun k\u00e4ytt\u00f6 ei edellyt\u00e4 rekister\u00f6itymist\u00e4. Laskutusasiakastili edellytt\u00e4\u00e4 rekister\u00f6itymist\u00e4. Sovellukseen luodut k\u00e4ytt\u00e4j\u00e4tilit ovat henkil\u00f6kohtaisia. K\u00e4ytt\u00e4j\u00e4lle luodaan k\u00e4ytt\u00e4j\u00e4tili Tampereen Aluetaksin toimesta. Sovellukseen voi rekister\u00f6ity\u00e4 alle 18-vuotias henkil\u00f6, mik\u00e4 kuitenkin edellytt\u00e4\u00e4 huoltajan tutustumista n\u00e4ihin k\u00e4ytt\u00f6ehtoihin, sek\u00e4 k\u00e4ytt\u00f6ehtojen hyv\u00e4ksymist\u00e4 K\u00e4ytt\u00e4j\u00e4n puolesta. Palvelun kaikkien ominaisuuksien k\u00e4ytt\u00f6 edellytt\u00e4\u00e4 lis\u00e4ksi laskutus- tai luottokorttitietojen sy\u00f6tt\u00e4mist\u00e4 Palveluun.<\/p>\n\n\n\n<p id=\"block-1a96919b-86d0-42d5-a740-18bb28af18e0\">K\u00e4ytt\u00e4j\u00e4n tulee sy\u00f6tt\u00e4\u00e4 tietonsa ja maksukorttinsa Sovellukseen, jotta K\u00e4ytt\u00e4j\u00e4 voi hy\u00f6dynt\u00e4\u00e4 kaikkia Sovelluksen ominaisuuksia. Palvelun k\u00e4ytt\u00e4misen yhteydess\u00e4 K\u00e4ytt\u00e4j\u00e4n tulee sy\u00f6tt\u00e4\u00e4 nimens\u00e4, puhelinnumeronsa, osoitteensa, s\u00e4hk\u00f6postiosoitteensa ja maksukorttinsa tiedot. Rekister\u00f6innin tunnistetietona on K\u00e4ytt\u00e4j\u00e4n s\u00e4hk\u00f6postiosoitteen ja puhelinnumeron yhdistelm\u00e4. K\u00e4ytt\u00e4j\u00e4n maksukorttitiedot tallentuvat ainoastaan mobiilimaksujen v\u00e4litt\u00e4j\u00e4n Stripe Inc. j\u00e4rjestelm\u00e4\u00e4n, eik\u00e4 Tampereen Aluetaksi Oy:ll\u00e4 ole p\u00e4\u00e4sy\u00e4 maksukorttitietoihin. Tampereen Aluetaksi Oy ei tallenna korttitietoja omiin j\u00e4rjestelmiins\u00e4. Rekister\u00f6ityminen Palveluun ei maksa mit\u00e4\u00e4n K\u00e4ytt\u00e4j\u00e4lle, mutta kuljetuksen tilauksesta veloitetaan voimassa olevan hinnaston mukainen maksu.<\/p>\n\n\n\n<p id=\"block-922e122a-4427-4752-8617-c8c130504c60\">Laskutusasiakkaan tulee antaa tietonsa Tampereen Aluetaksi Oy:lle, jotta K\u00e4ytt\u00e4j\u00e4 voi hy\u00f6dynt\u00e4\u00e4 kaikkia Sovelluksen ominaisuuksia. Palvelun k\u00e4ytt\u00e4misen yhteydess\u00e4 K\u00e4ytt\u00e4j\u00e4n tulee sy\u00f6tt\u00e4\u00e4 nimens\u00e4, puhelinnumeronsa, s\u00e4hk\u00f6postiosoitteensa, osoitteensa ja laskutusta edellytt\u00e4v\u00e4t tiedot. Tampereen Aluetaksi Oy tallentaa tiedot omiin j\u00e4rjestelmiins\u00e4. Rekister\u00f6ityminen Palveluun ei maksa mit\u00e4\u00e4n K\u00e4ytt\u00e4j\u00e4lle, mutta kuljetuksen tilauksesta veloitetaan voimassa olevan hinnaston mukainen maksu.<\/p>\n\n\n\n<h4 class=\"wp-block-heading\" id=\"block-75c1bcf9-0d8e-41a0-a9e7-b2037ad63878\">5. Tilaus<\/h4>\n\n\n\n<p id=\"block-986fff42-771f-49c7-aaa0-09057c648576\">K\u00e4ytt\u00e4m\u00e4ll\u00e4 Palvelua, Sovelluksen K\u00e4ytt\u00e4j\u00e4 tekee sitovan tilauksen tavarakuljetuksesta. Yhteisty\u00f6kumppanin hyv\u00e4ksytty\u00e4 tilauksen, syntyy sitova sopimus Yhteisty\u00f6kumppanin ja K\u00e4ytt\u00e4j\u00e4n v\u00e4lille. Tilaus tavarakuljetuksesta on sitova Yhteisty\u00f6kumppanin hyv\u00e4ksytty\u00e4 se, eik\u00e4 K\u00e4ytt\u00e4j\u00e4ll\u00e4 ole oikeutta peruuttaa tilausta t\u00e4m\u00e4n j\u00e4lkeen. Jos K\u00e4ytt\u00e4j\u00e4 on tilannut kuljetuksen ajankohdaksi \u2019heti\u2019, tavoitteena on saada kuljetus noutopaikkaan 20 minuutissa tilauksesta. Muissa tapauksissa seurataan tilaus-, tuote- ja asiakaskohtaisia aikatauluja K\u00e4ytt\u00e4j\u00e4 hyv\u00e4ksyy, ett\u00e4 tilaukset tehd\u00e4\u00e4n ilmoitetun sijainnin perusteella eik\u00e4 K\u00e4ytt\u00e4j\u00e4ll\u00e4 ole oikeutta korvauksiin, mik\u00e4li tilaus on l\u00e4htenyt eteenp\u00e4in virheellisell\u00e4 sijainnilla tai GPS:n ja k\u00e4nnyk\u00e4n tukiasema antaa virheellisen sijainnin. K\u00e4ytt\u00e4j\u00e4n tulee tarkistaa mobiili sovelluksessa n\u00e4kyv\u00e4 oma sijaintinsa tilausta teht\u00e4ess\u00e4.<\/p>\n\n\n\n<p id=\"block-d2899971-8132-4ae6-aecd-fbdd6c06fc0b\">Tampereen Aluetaksi Oy ei vastaa siit\u00e4, t\u00e4ytt\u00e4\u00e4k\u00f6 Yhteisty\u00f6kumppani sopimuksessa sovitut velvoitteensa.<\/p>\n\n\n\n<p id=\"block-0ad475dd-bf04-430d-83ac-5c7287fdcc75\">Sopimus on voimassa matkan p\u00e4\u00e4ttymiseen ja siihen liittyv\u00e4\u00e4n maksutapahtuman suorittamiseen asti.<\/p>\n\n\n\n<h4 class=\"wp-block-heading\" id=\"block-e82d17a4-5ee5-4afd-b795-2247f15b5b79\">6. Vastuu Palvelun, Sovelluksen ja k\u00e4ytt\u00e4j\u00e4tilin k\u00e4yt\u00f6st\u00e4<\/h4>\n\n\n\n<p id=\"block-e21ea1be-a894-4cd2-b5c8-9c530ad32306\">K\u00e4ytt\u00e4j\u00e4 sitoutuu kaikessa Sovelluksen ja Palvelun k\u00e4yt\u00f6ss\u00e4\u00e4n toimimaan n\u00e4iden k\u00e4ytt\u00f6ehtojen, muiden mahdollisten Sovelluksen ja Palvelun k\u00e4ytt\u00f6\u00e4 koskevien s\u00e4\u00e4nt\u00f6jen ja ohjeiden sek\u00e4 lain ja hyv\u00e4n tavan mukaisesti. K\u00e4ytt\u00e4j\u00e4 sitoutuu my\u00f6s noudattamaan muualla Sovelluksessa ja Palvelussa mahdollisesti asetettuja s\u00e4\u00e4nt\u00f6j\u00e4 ja ohjeita. Sovellukseen ei saa sy\u00f6tt\u00e4\u00e4 muita kuin oikeita ja todellisia tietoja.<\/p>\n\n\n\n<p id=\"block-1b428a1a-bf82-42ce-a447-01afb3b76eee\">K\u00e4ytt\u00e4j\u00e4 on vastuussa kaikesta k\u00e4ytt\u00e4j\u00e4tiliens\u00e4 k\u00e4yt\u00f6st\u00e4 ja K\u00e4ytt\u00e4j\u00e4n tulee ilmoittaa havaitsemistaan k\u00e4ytt\u00e4j\u00e4tilej\u00e4 koskevista v\u00e4\u00e4rink\u00e4yt\u00f6ksist\u00e4 Tampereen Aluetaksi Oy:lle. Sovelluksen K\u00e4ytt\u00e4j\u00e4 ei saa k\u00e4ytt\u00e4\u00e4 Sovellusta kaupallisiin tarkoituksiin esimerkiksi perim\u00e4ll\u00e4 muilta maksuja Sovelluksella tekemist\u00e4\u00e4n tilauksista.<\/p>\n\n\n\n<p id=\"block-69310364-ba4e-43a5-9386-299891567229\">Lis\u00e4tietoja Sovelluksesta l\u00f6ytyy osoitteesta www.snapi.fi<\/p>\n\n\n\n<h4 class=\"wp-block-heading\" id=\"block-2a69ec08-71df-4c03-803e-77e98a3f9535\">7. Maksut<\/h4>\n\n\n\n<p id=\"block-16991547-bf5d-4b9e-85e3-b41acd9f26a4\">K\u00e4ytt\u00e4j\u00e4n maksuvelvollisuus tilauksesta muodostuu silloin, kun Yhteisty\u00f6kumppani hyv\u00e4ksyy tilauksen.<\/p>\n\n\n\n<p id=\"block-96923e0e-6a56-4a61-b5b0-e5f7c0151781\">Sovelluksen kautta tehdyt tilaukset maksetaan Yhteisty\u00f6kumppanille ennen kuljetuksen tilausta tai sovitusti laskutetaan j\u00e4lkeenp\u00e4in. Kuljetuksen voi maksaa palvelussa kaikilla yleisimmill\u00e4 Suomessa k\u00e4yt\u00f6ss\u00e4 olevilla pankki- ja luottokorteilla. Matkan hinnoitteluperusteet ovat saatavissa Palvelusta. Toimituksen hintaan vaikuttavat matkan pituus, kesto, aloitusaika, toimituksen koko, sek\u00e4 Palvelun kuormitusaste.<\/p>\n\n\n\n<p id=\"block-7c676ba1-d1d1-4127-babd-e0c857718872\">Kuljetustilausten tekeminen Sovelluksessa on ilmaista. Tampereen Aluetaksi Oy pid\u00e4tt\u00e4\u00e4 kuitenkin oikeuden tuoda Palveluun maksullisia toimintoja my\u00f6hemmin. Tampereen Aluetaksi Oy v\u00e4litt\u00e4\u00e4 tilauksia Yhteisty\u00f6kumppaneille, joilla on tarvittaessa oikeus peri\u00e4 K\u00e4ytt\u00e4j\u00e4lt\u00e4 k\u00e4ytt\u00e4m\u00e4tt\u00e4 j\u00e4tetyist\u00e4 hyv\u00e4ksytyist\u00e4 tilauksista 10 euroa tilausta kohti.<\/p>\n\n\n\n<p id=\"block-8702c74c-16b5-43ff-9745-a1838057b56b\">Sovelluksen k\u00e4ytt\u00e4minen edellytt\u00e4\u00e4 matkapuhelimen tai p\u00e4\u00e4telaitteen k\u00e4ytt\u00f6\u00e4 datayhteydell\u00e4, josta saattaa aiheutua kustannuksia K\u00e4ytt\u00e4j\u00e4lle ja n\u00e4m\u00e4 kustannukset m\u00e4\u00e4r\u00e4ytyv\u00e4t K\u00e4ytt\u00e4j\u00e4n ja t\u00e4m\u00e4n datayhteyden palveluntarjoajan v\u00e4lisen sopimuksen perusteella.<\/p>\n\n\n\n<h4 class=\"wp-block-heading\" id=\"block-63dd723c-5738-460d-937d-3dc9742e5c2d\">8. Kuljetuksen saapuminen ja muut liit\u00e4nn\u00e4iset seikat<\/h4>\n\n\n\n<p id=\"block-83292188-635b-4dc1-bc03-519cc834432e\">Palvelu toimitetaan sitoumuksetta eiv\u00e4tk\u00e4 Tampereen Aluetaksi Oy tai Yhteisty\u00f6kumppani takaa, ett\u00e4 kuljetus saapuu arvioituna ajankohtana. Tilauksen toimitusaikaan vaikuttavat useat tekij\u00e4t kuten liikennetilanne sek\u00e4 s\u00e4\u00e4olosuhteet. Tilatun taksikuljetuksen saapumisajankohta sek\u00e4 kaikki muut Sovelluksen tai Yhteisty\u00f6kumppanin Sovelluksessa K\u00e4ytt\u00e4j\u00e4lle antamat aika- arviot ovat arvioita.<\/p>\n\n\n\n<h4 class=\"wp-block-heading\" id=\"block-149f4bfb-b3e0-43ba-b432-981b5f94b51d\">9. Vastuunrajoitukset<\/h4>\n\n\n\n<p id=\"block-a614c546-b9b8-4864-a095-640c511884d2\">Tampereen Aluetaksi Oy ei takaa Sovelluksen tai Palvelun virheet\u00f6nt\u00e4 toimimista tai sit\u00e4, ett\u00e4 Sovellus on keskeytyksitt\u00e4 k\u00e4ytett\u00e4viss\u00e4. Tampereen Aluetaksi Oy ei vastaa vahingosta, joka syntyy K\u00e4ytt\u00e4j\u00e4lle tai kolmannelle taholle Sovelluksen keskeytyksist\u00e4, viiv\u00e4styksist\u00e4, virheist\u00e4, k\u00e4yt\u00f6n estymisest\u00e4, lopettamisesta tai muista puutteista Sovelluksessa tai sen sis\u00e4ll\u00f6ss\u00e4, eik\u00e4 my\u00f6sk\u00e4\u00e4n mahdollisista K\u00e4ytt\u00e4j\u00e4n laitteisiin tai ohjelmistoihin tulevista vioista tai h\u00e4iri\u00f6ist\u00e4, jotka johtuvat Sovelluksen k\u00e4yt\u00f6st\u00e4.<\/p>\n\n\n\n<p id=\"block-67ba23ef-c569-4486-a48b-e7cc88ead230\">K\u00e4ytt\u00e4m\u00e4ll\u00e4 Sovellusta K\u00e4ytt\u00e4j\u00e4 hyv\u00e4ksyy sen, ett\u00e4 K\u00e4ytt\u00e4j\u00e4ll\u00e4 ei ole oikeutta mink\u00e4\u00e4nlaisiin korvauksiin, jos tilaus on tehty virheellisell\u00e4 osoitteella. Sovelluksen v\u00e4\u00e4rink\u00e4ytt\u00f6 saattaa aiheuttaa Sovelluksen k\u00e4yt\u00f6n eston sek\u00e4 luoda korvausvelvollisuuden. Tampereen Aluetaksi Oy ei vastaa mist\u00e4\u00e4n v\u00e4lillisist\u00e4 tai v\u00e4litt\u00f6mist\u00e4 vahingoista tai kuluista, jotka saattavat aiheutua Sovelluksen tai Palvelun k\u00e4yt\u00f6st\u00e4, toimimattomuudesta tai v\u00e4\u00e4rink\u00e4yt\u00f6st\u00e4 K\u00e4ytt\u00e4jille, kuitenkin huomioiden pakottavat lains\u00e4\u00e4d\u00e4nn\u00f6n m\u00e4\u00e4r\u00e4ykset.<\/p>\n\n\n\n<p id=\"block-6e3ce359-f5e6-42c3-b436-df46bfb2937b\">K\u00e4ytt\u00e4j\u00e4 sitoutuu noudattamaan voimassa olevaa lains\u00e4\u00e4d\u00e4nt\u00f6\u00e4 ja muita s\u00e4\u00e4nn\u00f6ksi\u00e4 k\u00e4ytt\u00e4ess\u00e4\u00e4n Sovellusta ja Palvelua.<\/p>\n\n\n\n<h4 class=\"wp-block-heading\" id=\"block-bb3acd92-cc70-4a6a-bfe0-aa6cea121f0f\">10. K\u00e4ytt\u00f6oikeus Sovellukseen ja sen sis\u00e4lt\u00f6\u00f6n<\/h4>\n\n\n\n<p id=\"block-29afff78-b99d-4091-9a25-bafda1e9e805\">K\u00e4ytt\u00e4j\u00e4ll\u00e4 ei ole oikeutta myyd\u00e4 edelleen tai hy\u00f6dynt\u00e4\u00e4 kaupallisesti Sovellusta tai sen sis\u00e4lt\u00f6\u00e4. Tampereen Aluetaksi Oy pid\u00e4tt\u00e4\u00e4 yksinomaisen oikeuden poistaa Sovelluksesta mit\u00e4 tahansa sis\u00e4lt\u00f6\u00e4 sek\u00e4 rajoittaa Sovelluksen k\u00e4ytt\u00f6\u00e4 mist\u00e4 tahansa syyst\u00e4 mukaan lukien K\u00e4ytt\u00e4j\u00e4n Sovelluksen k\u00e4yt\u00f6n est\u00e4minen.<\/p>\n\n\n\n<p id=\"block-db423a06-50c3-4c46-bc8e-a31806aae12d\">K\u00e4ytt\u00e4j\u00e4lle my\u00f6nnetyt mahdolliset tunnisteet ja muut Palvelun k\u00e4yt\u00f6n mahdollistavat tunnukset, s\u00e4ilyv\u00e4t Tampereen Aluetaksi Oy:n omistuksessa. K\u00e4ytt\u00e4j\u00e4ll\u00e4 ei ole oikeuksia niihin h\u00e4nen k\u00e4ytt\u00f6oikeutensa p\u00e4\u00e4ttymisen j\u00e4lkeen eik\u00e4 h\u00e4n saa luovuttaa niit\u00e4 kolmansille osapuolille ilman Tampereen Aluetaksi Oy:n etuk\u00e4teist\u00e4 kirjallista lupaa.<\/p>\n\n\n\n<h4 class=\"wp-block-heading\" id=\"block-1005943c-0f77-4f2a-9024-74ecf8c5e7b1\">11. Immateriaalioikeudet<\/h4>\n\n\n\n<p id=\"block-72188d06-87bb-467a-bf03-0da0e7eef17e\">Tampereen Aluetaksi Oy omistaa kaikki Sovellukseen tai siihen liittyv\u00e4\u00e4n dokumentaatioon ja niiden osiin liittyv\u00e4t immateriaalioikeudet yksinomaan. K\u00e4ytt\u00e4j\u00e4 ei saa n\u00e4iden k\u00e4ytt\u00f6ehtojen tai Sovelluksen k\u00e4yt\u00f6n kautta mit\u00e4\u00e4n immateriaalioikeuksia Sovellukseen.<\/p>\n\n\n\n<p id=\"block-d1b6c6ed-681f-4385-89d9-a20411dacca3\">Mik\u00e4\u00e4n taho ei saa kopioida, muokata tai luoda johdannaisteoksia Sovelluksesta tai mist\u00e4\u00e4n siihen liittyv\u00e4st\u00e4 teknologiasta, takaisinmallintaa, purkaa, avata salausta tai muilla tavoin yritt\u00e4\u00e4 saada selville Sovelluksen tai siihen liittyvien teknologioiden tai niiden osien l\u00e4hdekoodia, poistaa tekij\u00e4noikeuksia, tavaramerkkej\u00e4 tai muita vastaavia oikeuksia ilment\u00e4vi\u00e4 merkint\u00f6j\u00e4 Sovelluksesta, poistaa tai piilottaa Sovelluksen sis\u00e4lt\u00e4m\u00e4\u00e4 mainosmateriaalia tai ker\u00e4t\u00e4, k\u00e4ytt\u00e4\u00e4, kopioida ja siirt\u00e4\u00e4 Sovelluksesta saamaansa tietoa ilman Tampereen Aluetaksi Oy:lt\u00e4 saatua etuk\u00e4teist\u00e4 kirjallista hyv\u00e4ksynt\u00e4\u00e4.<\/p>\n\n\n\n<h4 class=\"wp-block-heading\" id=\"block-74f060cc-3f6b-4416-8ef7-61c6af3c10e4\">12. Muutokset Sovelluksen ja Palvelun toimintoihin ja sis\u00e4lt\u00f6\u00f6n<\/h4>\n\n\n\n<p id=\"block-d435a581-ce89-4c2d-9ac2-a1a7db3f3b09\">Tampereen Aluetaksi Oy pid\u00e4tt\u00e4\u00e4 oikeuden k\u00e4ytt\u00e4\u00e4, muokata, poistaa tai siirt\u00e4\u00e4 mit\u00e4 tahansa Sovelluksessa olevaa tietoa yksinomaisella p\u00e4\u00e4t\u00f6ksell\u00e4\u00e4n ilman ennakkoilmoitusta, jos tietoa voidaan pit\u00e4\u00e4 laittomana, virheellisen\u00e4, ep\u00e4tarkkana, sopimattomana tai ristiriidassa n\u00e4iden k\u00e4ytt\u00f6ehtojen tarkoituksen kanssa.<\/p>\n\n\n\n<p id=\"block-26a369b3-0a30-42d0-8040-1eb9952cfc27\">Tampereen Aluetaksi Oy:ll\u00e4 on oikeus ottaa Sovellus tai sen osa tilap\u00e4isesti pois k\u00e4yt\u00f6st\u00e4 huollon, asennuksen, muutosty\u00f6n, yleisen j\u00e4rjestyksen ja turvallisuuden, j\u00e4rjestelm\u00e4n liiallisen kuormituksen tai muun vastaavan syyn vuoksi. Lis\u00e4ksi Tampereen Aluetaksi Oy varaa oikeuden muuttaa Sovelluksen ja Palvelun sis\u00e4lt\u00f6\u00e4 tai lopettaa Sovelluksen ja Palvelun tai niiden osien tarjoaminen milloin tahansa v\u00e4liaikaisesti tai pysyv\u00e4sti ilman korvausta.<\/p>\n\n\n\n<h4 class=\"wp-block-heading\" id=\"block-51e49ee4-8242-41ed-b987-a3ced9bcdc81\">13. Vastuu Sovelluksen sis\u00e4ll\u00f6st\u00e4 ja tarvittavista laitteista ja v\u00e4lineist\u00e4<\/h4>\n\n\n\n<p id=\"block-22282c73-99b6-4627-91c2-d2188796a474\">Tampereen Aluetaksi Oy ei ole vastuussa kolmansien osapuolien kuten Yhteisty\u00f6kumppaneiden Sovellukseen lis\u00e4\u00e4m\u00e4st\u00e4 sis\u00e4ll\u00f6st\u00e4 tai sis\u00e4ll\u00f6n k\u00e4yt\u00f6st\u00e4 aiheutuneista vahingoista.<\/p>\n\n\n\n<p id=\"block-ae80c14c-7149-4183-82c1-749bc939790a\">K\u00e4ytt\u00e4j\u00e4n tulee itse hankkia Sovelluksen k\u00e4ytt\u00f6\u00f6n tarvittavat laitteet ja v\u00e4lineet sek\u00e4 huolehtia yhteyksien hankkimisesta ja yll\u00e4pidosta. Sovelluksen k\u00e4ytt\u00e4miseksi tulee olla k\u00e4yt\u00f6ss\u00e4 datayhteys, josta voi aiheutua K\u00e4ytt\u00e4j\u00e4lle kustannuksia.<\/p>\n\n\n\n<p id=\"block-99a37cd0-2acc-4393-be98-9a7f342786a7\">K\u00e4ytt\u00e4j\u00e4n tulee k\u00e4ytt\u00e4\u00e4 Sovellusta vain omilla tunnuksillaan eik\u00e4 K\u00e4ytt\u00e4j\u00e4 saa k\u00e4ytt\u00e4\u00e4 tai yritt\u00e4\u00e4 k\u00e4ytt\u00e4\u00e4 toisen henkil\u00f6n tunnuksia.<\/p>\n\n\n\n<p id=\"block-b69892e3-1846-4e50-84c9-ffaaf4a02202\">Tampereen Aluetaksi Oy:ll\u00e4 on oikeus poistaa K\u00e4ytt\u00e4j\u00e4 Sovelluksesta v\u00e4litt\u00f6min vaikutuksin sek\u00e4 olla hyv\u00e4ksym\u00e4tt\u00e4 tai perua kaikki K\u00e4ytt\u00e4j\u00e4n tilaukset, mik\u00e4li K\u00e4ytt\u00e4j\u00e4 v\u00e4\u00e4rink\u00e4ytt\u00e4\u00e4 Sovellusta tai aiheuttaa Sovelluksen K\u00e4ytt\u00e4jille tai Yhteisty\u00f6kumppanille vahinkoa. T\u00e4llainen oikeus on Tampereen Aluetaksi Oy:ll\u00e4 my\u00f6s, mik\u00e4li K\u00e4ytt\u00e4j\u00e4 j\u00e4tt\u00e4\u00e4 virheellisen tilauksen tai toimii n\u00e4iss\u00e4 k\u00e4ytt\u00f6ehdoissa mainittujen velvoitteiden vastaisesti. Lis\u00e4ksi t\u00e4llainen oikeus on niiss\u00e4 tapauksissa, joissa Tampereen Aluetaksi Oy:ll\u00e4 tai Yhteisty\u00f6kumppanilla on perusteltua aihetta ep\u00e4ill\u00e4 tilauksen aitoutta ja oikeutta tehd\u00e4 tilaus. Sovelluksen ja Palvelun v\u00e4\u00e4rink\u00e4ytt\u00f6 saattaa aiheuttaa korvausvelvollisuuden n\u00e4it\u00e4 k\u00e4ytt\u00f6ehtoja tai lains\u00e4\u00e4d\u00e4nt\u00f6\u00e4 rikkovalle taholle.<\/p>\n\n\n\n<p id=\"block-4bf8569d-11d5-433a-add1-8e1371a92e33\">Mahdollisissa Sovellukseen, tilaukseen tai matkaan liittyviss\u00e4 virhetilanteissa tai maksureklamaatiotapauksissa K\u00e4ytt\u00e4j\u00e4 voi ottaa yhteytt\u00e4 Tampereen Aluetaksi Oy:n asiakaspalveluun.<\/p>\n\n\n\n<p id=\"block-21b0b282-d9e4-4c06-b470-c2f490c2e78e\">Palvelun matkapuhelinsovellus jaellaan alustan virallisten kauppapaikkojen kautta, ja kauppapaikat sallivat asentamisen vain laitteille, jotka tukevat Sovelluksen k\u00e4ytt\u00f6\u00e4.<\/p>\n\n\n\n<h4 class=\"wp-block-heading\" id=\"block-522a9ce8-abfe-4425-b4f7-392b76602d11\">14. Henkil\u00f6tietojen k\u00e4sittely<\/h4>\n\n\n\n<p id=\"block-daa70a16-9aa3-4018-b6fa-ace40e209c03\">Tampereen Aluetaksi Oy k\u00e4sittelee ja luovuttaa K\u00e4ytt\u00e4jist\u00e4 ker\u00e4ttyj\u00e4 henkil\u00f6tietoja n\u00e4iden k\u00e4ytt\u00f6ehtojen sek\u00e4 tietosuojaselosteessa mainittujen kohtien mukaisesti.<\/p>\n\n\n\n<p id=\"block-baf1c520-3356-4ade-9dd4-e0d189d23271\">K\u00e4ytt\u00e4j\u00e4 hyv\u00e4ksyy, ett\u00e4 h\u00e4nen henkil\u00f6tietojansa voidaan k\u00e4ytt\u00e4\u00e4 Palvelun toteuttamiseen ja tarvittaessa luovuttaa Yhteisty\u00f6kumppaneille. Tampereen Aluetaksi Oy voi my\u00f6s siirt\u00e4\u00e4 henkil\u00f6tietoja tietosuojaselosteen mukaisesti.<\/p>\n\n\n\n<h4 class=\"wp-block-heading\" id=\"block-9332d700-58c7-404b-91cf-8f8028451eab\">15. K\u00e4ytt\u00f6ehtojen voimassaolo ja irtisanominen<\/h4>\n\n\n\n<p id=\"block-3111db89-6058-4b8a-b1f7-726aae9d16f5\">N\u00e4it\u00e4 k\u00e4ytt\u00f6ehtoja ja Tampereen Aluetaksi Oy:n niihin tekemi\u00e4 muutoksia sovelletaan K\u00e4ytt\u00e4j\u00e4\u00e4n niin kauan, kun h\u00e4n k\u00e4ytt\u00e4\u00e4 Sovellusta tai Palvelua.<\/p>\n\n\n\n<p id=\"block-594a52af-7db4-404d-959a-a7d3f3739862\">K\u00e4ytt\u00e4j\u00e4 voi lopettaa Sovelluksen k\u00e4yt\u00f6n milloin tahansa Sovelluksen k\u00e4ytt\u00e4j\u00e4tilin hallinnan kautta. Mahdollisia maksualennuksia tai -etuja ei korvata Sovelluksen k\u00e4yt\u00f6n p\u00e4\u00e4ttyess\u00e4.<\/p>\n\n\n\n<h4 class=\"wp-block-heading\" id=\"block-1dc261f0-39d5-4b85-8bb0-3249a19290b5\">16. Sovellettava lains\u00e4\u00e4d\u00e4nt\u00f6 ja riidanratkaisu<\/h4>\n\n\n\n<p id=\"block-70be39c3-fd30-4a42-bce2-b1631d863c9a\">N\u00e4ihin k\u00e4ytt\u00f6ehtoihin sovelletaan Suomen lakia ja n\u00e4it\u00e4 k\u00e4ytt\u00f6ehtoja tulkitaan Suomen lain mukaisesti. K\u00e4ytt\u00f6ehtoja koskevat riidat ratkaistaan ensisijaisesti neuvottelemalla. Mik\u00e4li neuvottelemalla ei p\u00e4\u00e4st\u00e4 sovintoon, riidat ratkaistaan Pirkanmaan k\u00e4r\u00e4j\u00e4oikeudessa. Kuluttaja voi kuitenkin aina nostaa kanteen ja olla vastaajana asuinpaikkansa alioikeudessa. Kuluttajat voivat my\u00f6s k\u00e4\u00e4nty\u00e4 ensin kuluttajaneuvonnan puoleen (https:\/\/www.kkv.fi\/kuluttajaneuvonta\/) ja sen j\u00e4lkeen Kuluttajariitalautakunnan puoleen (http:\/\/www.kuluttajariita.fi\/fi\/index.html). Kuluttajat voivat edell\u00e4 mainittujen lis\u00e4ksi k\u00e4ytt\u00e4\u00e4 ODR-foorumin verkkov\u00e4litteist\u00e4 riidanratkaisupalvelua (https:\/\/ec.europa.eu\/odr).<\/p>\n\n\n\n<h4 class=\"wp-block-heading\" id=\"block-36576d12-b7e0-4753-954a-452ceda4e44f\">17. K\u00e4ytt\u00f6ehtojen muutokset<\/h4>\n\n\n\n<p id=\"block-ff5b4c03-cab3-4f9d-a520-afefdbf003db\">Tampereen Aluetaksi Oy:ll\u00e4 on oikeus muuttaa n\u00e4it\u00e4 k\u00e4ytt\u00f6ehtoja. K\u00e4ytt\u00f6ehtojen muutoksesta ilmoitetaan K\u00e4ytt\u00e4j\u00e4lle Palvelun yhteydess\u00e4 tai s\u00e4hk\u00f6postitse. Mik\u00e4li K\u00e4ytt\u00e4j\u00e4 ei hyv\u00e4ksy muuttuneita k\u00e4ytt\u00f6ehtoja, tulee K\u00e4ytt\u00e4j\u00e4n lopettaa Sovelluksen ja Palvelun k\u00e4ytt\u00f6.<\/p>\n\n\n\n<h4 class=\"wp-block-heading\" id=\"block-8267d679-50e7-4139-b8ec-fe5b21804b12\">18. Oikeuksien ja velvoitteiden siirrett\u00e4vyys<\/h4>\n\n\n\n<p id=\"block-12d2e8d2-82a1-4163-b77d-daec3d242240\">Tampereen Aluetaksi Oy:ll\u00e4 on oikeus siirt\u00e4\u00e4 Sovellukseen liittyv\u00e4t oikeudet ja velvollisuudet kokonaan tai osittain konserniyhti\u00f6lleen, seuraajalleen tai Sovellusta koskevan liiketoiminnan ostajalle ilman K\u00e4ytt\u00e4j\u00e4n hyv\u00e4ksynt\u00e4\u00e4. K\u00e4ytt\u00e4j\u00e4ll\u00e4 ei ole oikeutta siirt\u00e4\u00e4 n\u00e4ist\u00e4 k\u00e4ytt\u00f6ehdoista johtuvia oikeuksia tai velvollisuuksia kokonaan tai osittain kolmansille osapuolille.<\/p>\n\n\n\n<h4 class=\"wp-block-heading\" id=\"block-16e6018f-f436-4194-b77c-b12c494c7598\">19. Koko sopimus<\/h4>\n\n\n\n<p id=\"block-64fe4d42-e277-4ea3-a03a-60a5303d78cb\">N\u00e4m\u00e4 k\u00e4ytt\u00f6ehdot muodostavat koko K\u00e4ytt\u00e4j\u00e4n ja Tampereen Aluetaksi Oy:n v\u00e4lisen Sovelluksen ja Palvelun k\u00e4ytt\u00f6\u00e4 koskevan sopimuksen.<\/p>\n\n\n\n<h4 class=\"wp-block-heading\" id=\"block-a1c9fdf3-bc6b-449b-926f-4496dc3d458a\">20. Ylivoimainen este<\/h4>\n\n\n\n<p id=\"block-3e2f1b31-9283-420d-8374-ed74d17071ef\">Tampereen Aluetaksi Oy ei vastaa vahingosta, joka aiheutuu ylivoimaisesta esteest\u00e4 tai vastaavasta syyst\u00e4 johtuvasta toiminnan kohtuuttomasta vaikeutumisesta.Open save panel<\/p>\n\n\n\n<p><\/p>\n","protected":false},"excerpt":{"rendered":"<p>1. Palveluntarjoajan tiedot Nimi: Tampereen Aluetaksi OyOsoite: Sammon Valtatie 7, 33530 Tampere, Suomi Y-tunnus: 0829622-1Puhelin: 010 4765 600S\u00e4hk\u00f6posti: info@taksitampere.fi 2. M\u00e4\u00e4ritelm\u00e4t \u201dTampereen Aluetaksi Oy\u201d \u2013 Palvelun ja sovelluksen tarjoaja \u201dSovellus\u201d \u2013 Tampereen Aluetaksi Oy:n kehitt\u00e4m\u00e4 Sn\u00e4pi -niminen sovellus, jota voi k\u00e4ytt\u00e4\u00e4 internet-sivun kautta tai mobiililaitteella \u201dPalvelu\u201d \u2013 Sn\u00e4pi on palvelu, jolla on mahdollista maksaa ja [&hellip;]<\/p>\n","protected":false},"author":1,"featured_media":0,"parent":0,"menu_order":0,"comment_status":"closed","ping_status":"closed","template":"","meta":{"footnotes":""},"class_list":["post-38","page","type-page","status-publish","hentry"],"_links":{"self":[{"href":"https:\/\/www.snapi.fi\/index.php?rest_route=\/wp\/v2\/pages\/38","targetHints":{"allow":["GET"]}}],"collection":[{"href":"https:\/\/www.snapi.fi\/index.php?rest_route=\/wp\/v2\/pages"}],"about":[{"href":"https:\/\/www.snapi.fi\/index.php?rest_route=\/wp\/v2\/types\/page"}],"author":[{"embeddable":true,"href":"https:\/\/www.snapi.fi\/index.php?rest_route=\/wp\/v2\/users\/1"}],"replies":[{"embeddable":true,"href":"https:\/\/www.snapi.fi\/index.php?rest_route=%2Fwp%2Fv2%2Fcomments&post=38"}],"version-history":[{"count":2,"href":"https:\/\/www.snapi.fi\/index.php?rest_route=\/wp\/v2\/pages\/38\/revisions"}],"predecessor-version":[{"id":78,"href":"https:\/\/www.snapi.fi\/index.php?rest_route=\/wp\/v2\/pages\/38\/revisions\/78"}],"wp:attachment":[{"href":"https:\/\/www.snapi.fi\/index.php?rest_route=%2Fwp%2Fv2%2Fmedia&parent=38"}],"curies":[{"name":"wp","href":"https:\/\/api.w.org\/{rel}","templated":true}]}}